e highest common divisor of 169 and k?
169
Let g(u) = 4*u + 17. Let o be g(-2). Let j be -13 + o + (46 - 3). Calculate the highest common factor of j and 117.
39
Let n = -26 + 42. Let a(w) = -w**2 + 26*w + 56. Let s be a(27). Suppose -8*h + 125 = s. What is the highest common divisor of n and h?
4
Let x = -360 - -483. Let z be 1/2*492/6. Calculate the highest common factor of x and z.
41
Suppose 0 = -4*w + 3*s + 123579, -2*s - 43175 - 80411 = -4*w. Calculate the highest common factor of w and 50.
50
Suppose -107*p - 4204 = -21094 - 2156. Calculate the greatest common factor of 8 and p.
2
Let s = 42 - 42. Let h be 28 - s/(5/1). Suppose -4*x + 2*x + 5*i = -104, x + 2*i = 34. Calculate the greatest common factor of x and h.
14
Let p be 1/((-9)/(-66)) + 38/(-114). Suppose -p*r + 487 - 172 = 0. Calculate the highest common factor of r and 135.
45
Let k(t) = t**2 + 52*t + 190. Let r be k(-47). Let a be 2/(-4) - 665/10. Let s = r - a. What is the greatest common divisor of s and 55?
11
Let y be (4/3 + -2)*-6. Let p be 11628/11172 - 4/98. Let u be (1 - (p - 16))*y. What is the greatest common factor of u and 8?
8
Let v(f) = -f**3 + 6*f**2 - 3*f + 1. Let y be v(2). Let x = 71 - y. Suppose -29*o + 27*o = -x. What is the greatest common divisor of o and 12?
6
Suppose -5*s + 37 = -53. Let m be -2 + 4*21 + -1 + 2. Let j = -65 + m. What is the greatest common factor of j and s?
18
Suppose 27 = 4*n + 283. Let f be (-3 - n)*(2 - 4 - -3). Suppose -9*q = -4*c - 5*q + 36, 5*c + 3*q - f = 0. What is the highest common divisor of 297 and c?
11
Let y = -10 + 8. Let j be (1/2)/(y/(-156)) - 1. Calculate the highest common factor of 152 and j.
38
Let r = 14 - 5. Let h be 6 + -3 + -3 + r. Suppose 870*b - 834*b - 324 = 0. What is the greatest common divisor of h and b?
9
Suppose 4*k = -28*k + 60352. Calculate the greatest common factor of k and 92.
46
Let b(i) be the third derivative of i**5/60 + 35*i**4/24 + 155*i**3/6 - 3*i**2 - 57*i. Let r be b(-31). Calculate the greatest common factor of 341 and r.
31
Let t be 0/(-8 - (-7 + 0)). Suppose t = u - 2*v - 258, 0*u - v = -5*u + 1263. Calculate the greatest common factor of u and 14.
14
Let t(m) = 7*m**2 + 269*m + 3482. Let n be t(-14). What is the greatest common divisor of n and 64?
64
Let v = 1916 - 1896. Calculate the greatest common factor of 490 and v.
10
Let w(l) = 957*l + 5808. Let y be w(-6). Calculate the greatest common divisor of 75 and y.
3
Suppose d = 18 + 87. Suppose -2*s + 83*s = 9*s + 4536. Calculate the greatest common divisor of s and d.
21
Suppose 0 = v - 3*t - 157, -3*v + 29 = -4*t - 447. What is the greatest common divisor of v and 2620?
20
Let v = 67 - 58. Let x be 12/v*1/(6/(-63)). Let g be (16/x)/(2/(-7)). What is the greatest common divisor of 12 and g?
4
Suppose -5*y - 3*j = -93, -5*y + 34*j - 31*j = -117. Calculate the highest common divisor of y and 2121.
21
Let q = -37 + 85. Let t(f) = f**3 - 18*f**2 - 67*f + 936. Let r be t(19). Calculate the highest common factor of q and r.
24
Let t = 15947 + -15287. Calculate the highest common factor of t and 620.
20
Let i(c) = 59*c + 6. Let v be i(6). Let n be 543/12 - (-41)/(-164). What is the highest common divisor of v and n?
45
Suppose 84796 = 147*y - 31*y. What is the greatest common divisor of y and 153?
17
Let g = -18 - -44. Suppose -15*q + 5157 = 25*q - 1603. Calculate the greatest common divisor of q and g.
13
Let c be ((-6)/4)/((-1)/(-78)). Let z be 8 + -15 + 124 + 1 + -1 + 3. Let k = z + c. What is the highest common factor of 6 and k?
3
Let k = 2884 + -724. What is the greatest common divisor of k and 450?
90
Let n = -57 - -59. Suppose 2*h = n*y - 164, h = 3*h. Suppose -2*f = -2*o + 54, -3*o + y = -2*f - 2. What is the greatest common factor of o and 20?
10
Let a be (10/(-15))/((-3)/18). Let f be a/6 - (-1272)/36. Let q(x) = x**3 + 10*x**2 + 9*x + 18. Let i be q(-9). What is the greatest common factor of i and f?
18
Let s = -114 - -65. Suppose -x + 186 = 2*q - 3*x, -x + 85 = q. Let l = s + q. Calculate the highest common factor of l and 10.
10
Let z = 633 - 568. Calculate the highest common divisor of z and 299.
13
Let q(m) = 4*m**3 - 8*m**2 - 8*m + 2. Let n be q(7). Let j = -901 + n. Calculate the highest common divisor of 145 and j.
5
Let b = -1834 - -6654. Calculate the greatest common factor of b and 90.
10
Let j be (-363)/22*180/(-27). What is the greatest common factor of j and 2662?
22
Let m be 1*(5 + 0 + -4) + -89. Let s = -52 - m. Let a be (-2)/(-3) - (-68)/6. Calculate the greatest common divisor of a and s.
12
Let k be (-137 - (-5 + 2)/(-3))*(-80)/6. What is the highest common factor of k and 144?
16
Let w(v) = -2246*v - 9406. Let c be w(-8). What is the highest common divisor of c and 6?
6
Let m be (8/(-20))/((-1)/845). Let i be m/(-6) + (-44)/(-33). Let r = -40 - i. What is the highest common divisor of 165 and r?
15
Let k be 120*((-8)/(-2) + -3). Let u = k + -63. Let b = 78 - u. Calculate the greatest common factor of b and 3.
3
Suppose -3*j + 9 = 0, -38*p - 5*j - 2617 = -39*p. What is the highest common divisor of 112 and p?
56
Let p(w) = 2*w**2 - 9*w + 1. Let i = -2 + 7. Let u be p(i). Suppose -3*d = u, -b - 3*d + 0 = -2. Calculate the greatest common factor of 40 and b.
8
Suppose 9*m - 10*m - 4*c + 30 = 0, 3*c = 3*m - 15. Suppose 19*v - 531 = m*v. Calculate the greatest common divisor of v and 649.
59
Suppose 7*r = -r + 56. Let t be (-18)/(2*r/(-28)). What is the highest common divisor of t and 8?
4
Let u(m) = 21*m**2 - 284*m - 1441. Let l be u(-5). What is the highest common factor of 434 and l?
14
Let b(o) = 378*o - 3514. Let v be b(21). Calculate the highest common divisor of v and 168.
56
Let m = 54 - 67. Let k be m + -4 + -1 + 2. Let d be (-166)/(-8) + (-4)/k. What is the greatest common factor of d and 168?
21
Let d be 56/(-21)*(-198)/8. Let u be -18 - (-57 + 3 + 3). What is the highest common factor of u and d?
33
Suppose 0 = 13*v - 17*v - 156. Suppose -20 + 10 = -5*y. Let k be y - 1*(1 + v). What is the greatest common divisor of 30 and k?
10
Let a = 3624 - 3218. Calculate the greatest common factor of a and 87.
29
Let a be -3 + (-3 + 2 - -12). Let j(o) = 10*o - 77. Let n be j(a). Calculate the greatest common factor of n and 54.
3
Suppose 10*z = -6 + 26. Suppose 0 = 4*d + 5*n - 39, 4*d - z*n = 3*n + 89. Let a be (-80)/d + (-1 - -62). What is the highest common divisor of a and 616?
56
Suppose -84*s = 9*s - 79515. What is the highest common divisor of 3 and s?
3
Suppose 7*u + 6912 = -5*u. Let l be u*2/(-16)*6. What is the highest common factor of l and 32?
16
Let f(h) = -282*h - 8442. Let j be f(-30). What is the highest common divisor of 556 and j?
2
Let c(d) = d**2 - 5*d - 10. Let o be c(7). Suppose -9*f = -6 - 3. Let u be (f - -5)*(70/3)/5. What is the highest common divisor of u and o?
4
Let s be 505/13 + 1 + (-2)/(-13). What is the greatest common factor of s and 230?
10
Suppose 11*u = 823 - 108. What is the greatest common factor of u and 2665?
65
Let q = 273 + -271. Suppose q*p - 177 = 5*a - 32, -a = 5. What is the highest common factor of p and 4?
4
Let g = -3 + -252. Let y be g/(-75) - (-4)/(-10). Suppose 0 = y*t - 5 - 13. Calculate the greatest common divisor of t and 6.
6
Let z be (-24)/6*7/(-4). Suppose 3 = 3*o, -z*c - 5*o + 80 = -2*c. What is the highest common divisor of 15 and c?
15
Suppose 0 = -3*h - 2*b - 13 + 157, -h - 3*b = -48. What is the highest common divisor of h and 704?
16
Let k be 6/(-63) + -1 + (-232734)/(-126). What is the greatest common divisor of 426 and k?
142
Let m be 4/((-12)/2312*-5) - (-14)/(-105). Let l(a) = 4*a - 8. Let u be l(8). Let k be u*(2 + -1) + -2. Calculate the highest common divisor of k and m.
22
Let w(f) = 80*f**3 + 62*f**2 - 19*f + 34. Let k be w(2). Calculate the highest common divisor of k and 4.
4
Let x be (-1 + -44)*(-99)/165. What is the highest common factor of x and 81?
27
Suppose -429 = -19*m - 2766. Let f = m - -137. Calculate the greatest common factor of f and 238.
14
Let q = -38 - -77. Suppose -3*s - 26 = -2*k + 57, -s = -k + q. Calculate the greatest common factor of 170 and k.
34
Let q be 1 + -8 + 147*(-4)/(-12). What is the highest common divisor of q and 434?
14
Let i = -113 - -117. Let c be 2/i*-1*(-7 + -3). Let q be (195/2)/c*(-112)/(-8). What